 m be -2 - 35 - (-3 + 6). Calculate the remainder when 115 is divided by (-12)/(192/m)*(-58)/(-5).
28
Let p = -978 - -1028. Suppose -2*m + 4*u + p = 0, 6*u - 4*u = -2*m + 38. Calculate the remainder when 167 is divided by m.
20
Suppose -29*n + 10925 - 9620 = -15051. What is the remainder when n is divided by 18?
6
Suppose 5 = -5*y, -3*y - 229 = -4*b + 2*y. Suppose 0 = 4*k - 5*o - 625, -4*o + 529 = 5*k - 283. Calculate the remainder when k is divided by b.
48
Let z(b) = -b**2 - 30*b - 131. Let c be (-182)/(-10) - (-7)/(-35). Calculate the remainder when (c - -5) + 1 + 1 is divided by z(-6).
12
Let y = 7642 + -4154. Calculate the remainder when y is divided by 145.
8
Calculate the remainder when 452 is divided by ((-10)/(-2))/((6/9)/(60/90)).
2
Let v(f) = f**3 + 6*f**2 + 3*f - 4. Let p be v(-5). Let u = -3 + p. Suppose 2*b - 195 = -u*b. Calculate the remainder when b is divided by 11.
6
Suppose -2*g = -x - 20, -3*x - 1 = -3*g + 32. Calculate the remainder when 6 + 2 + -2 + g + -6 is divided by 6.
3
What is the remainder when 1121 is divided by (-8)/((-56)/241) + 18/(-42)?
33
Let d = 16 + -10. Let g be 0/((-3)/(2 - 5)). Suppose g = -7*v + 4*v + 6. Calculate the remainder when d is divided by v.
0
Suppose 0 = -65*z + 3158 + 157. Calculate the remainder when z is divided by (-21)/35 + 459/15.
21
Let f be (-1)/(-2) - (-2)/4. Let t(d) = 24*d**2 - 1. Let b = 369 - 280. What is the remainder when b is divided by t(f)?
20
Let m = -369 - -929. Calculate the remainder when (2 - 1)/((-87)/(-2523)) is divided by 2/(-3) + m/30.
11
Suppose 109*d + 1815 + 2903 = 28698. Calculate the remainder when d is divided by 38.
30
Suppose 476 = -5*f - 3*j, -99 = 3*f - j + 195. Calculate the remainder when 10 is divided by (-24 + 0/2)*f/388.
4
Let n be (-4)/18 - 3/(54/(-1516)). Calculate the remainder when 146 is divided by n/(-5 + 7) - -7.
48
Let i be 17/((-51)/180)*(-20)/(-15). Let k = -54 - i. What is the remainder when k is divided by 17?
9
Let j = 19 - -192. Suppose j*c = 207*c + 500. What is the remainder when c is divided by 16?
13
Suppose -1523 = -5*u + 3*h, -375 - 817 = -4*u - 2*h. What is the remainder when u is divided by 22?
15
Let k = 237 + -321. What is the remainder when 152 is divided by (k/18)/(2 + 19/(-9))?
26
Suppose 19*x = 24*x - 70. Suppose z + x = f + 135, -3*z - 5*f = -379. What is the remainder when z is divided by 63?
60
Let v = -256 + 266. Let x(o) = -2*o**2 - 27*o + 2. Calculate the remainder when x(-13) is divided by v.
5
What is the remainder when 11446/7 + ((-256)/(-56))/(-4) is divided by 117?
113
Suppose 14 - 44 = 3*z. Suppose -524*x + 17733 = -607. Calculate the remainder when x is divided by (8/z)/(4/(-30)).
5
Let m = 49 + 236. Suppose -2*f - 282 = -4*y, m = 4*y + 3*f - 8*f. What is the remainder when y is divided by (-5 - 4)/((-3)/4)?
10
Suppose -7*y + 868 = -560. What is the remainder when y is divided by 197?
7
Suppose -368 = -6*b + 2*b. Suppose 4*j - 37 = v, -4*j + 25 = -3*v - 6. Let i(u) = 3*u - 6. What is the remainder when b is divided by i(j)?
20
Suppose 0 = -63*p + 2134673 + 80210 + 506339. What is the remainder when p is divided by 51?
48
Let z = 9774 - 9600. What is the remainder when z is divided by 165?
9
Let b(p) = p**2 + 9*p - 230. Calculate the remainder when 1222 is divided by b(12).
12
Let v = 112 + -112. Suppose -29*m + 804 + 472 = v. Calculate the remainder when 439 is divided by m.
43
Let v be (-4)/1 - (4 + -40). Suppose v = 4*h - 3*h. Suppose q + 12 = h. What is the remainder when q is divided by 12?
8
Let r = -3662 - -3998. Calculate the remainder when r is divided by 9.
3
Suppose f = 4*m - 68, -37*m - 71 = -42*m + 3*f. What is the remainder when 2219 is divided by m?
15
Suppose -5*w - 3*p + 138 = 37, -2*w + 5*p = -28. What is the remainder when 56 is divided by w?
18
Let w(d) = -88*d**2 + 12*d - 6. Let h(a) = 29*a**2 - 4*a + 2. Let y(i) = -8*h(i) - 3*w(i). Calculate the remainder when 110 is divided by y(1).
20
Suppose 2*n + 52 = 6*n. What is the remainder when -5*(-23 + 15) - (-4 - -19) is divided by n?
12
Let b = 1416 - 890. Suppose -3*k + 5*z + 87 = 0, 0 = -3*k - 2*z - 29 + 95. What is the remainder when b is divided by k?
22
Let i = 94 + -45. Let q(b) = 8*b - i + b**2 + 106 - 51. Calculate the remainder when 72 is divided by q(-9).
12
Let z = -155 - -39. Let r = z - -174. Calculate the remainder when r is divided by 3/(-9)*0 + 15.
13
Let x = 627 + -616. What is the remainder when 163 is divided by x?
9
Suppose 870 = -40*n + 69*n. Let b = 5 - 2. Calculate the remainder when 38 is divided by (-6*(-2)/6)/(b/n).
18
Let j = 29727 + -28724. What is the remainder when j is divided by 12?
7
Let r(y) = -17*y**3 - 4*y**2 - 4*y - 12. What is the remainder when 1154 is divided by r(-2)?
110
Let x(m) = -3*m**2 + 27*m + 22. Let d(r) = 13*r**2 - 109*r - 90. Let s(f) = 2*d(f) + 9*x(f). Let h = 52 - 21. What is the remainder when h is divided by s(25)?
13
Suppose 3*x - 3*k - 3 = k, -5*x - 4*k + 5 = 0. Let r = -332 + 336. What is the remainder when 5/((-3)/(-42)*x) is divided by r?
2
Calculate the remainder when 290 + (-4)/(-2) + (-8 - 48)/(-7) is divided by 49.
6
Let k = 7844 + -7790. Let h be 9 - (-2)/4*-4. What is the remainder when k is divided by 2*(h - -1) - 2?
12
Let f = 64 - 62. Suppose 14 = -0*j + 3*j - f*q, 3*q = -2*j + 18. Let h(w) = -2*w**2 + 13*w + 11. Calculate the remainder when h(j) is divided by 5.
2
Suppose 5*k + 75 = 10*k. Suppose 0 = -4*j - 5*n + 10 + 45, -3*j + k = -5*n. Calculate the remainder when j/(2/(-6) - -1) is divided by 7.
1
Suppose 122*r - 373 = 51*r + 763. What is the remainder when 1014 is divided by r?
6
What is the remainder when 1112 is divided by 2 + 229 - (-31)/((-31)/11)?
12
Let a be (34/(-38) - -1) + 7395/323. Let o = a - -82. What is the remainder when o is divided by 29?
18
Suppose -j - 3*j = -4. Suppose -q - j = -24. Let r(f) = f**2 - 14*f + 5. What is the remainder when q is divided by r(14)?
3
Suppose -54*u + 105*u = 39*u + 12828. Calculate the remainder when u is divided by 353.
10
Let g(c) = 133*c**3 + 2*c**2 - 4*c + 3. Let s be g(1). Suppose -460 = -154*x + s*x. What is the remainder when 319 is divided by x?
20
Let o = -6 - -18. What is the remainder when (-2)/(-5) - 1509*(-4 + 531/135) is divided by o?
5
Suppose -4*u + 7*u - 36 = 0. Suppose 2*l - 35 = -2*l + 3*v, 0 = -5*l + 3*v + 43. Suppose l*h = 9*h - 22. Calculate the remainder when h is divided by u.
10
Let h = -2 + 5. Suppose 0 = -n - h, k + 0*n = -n - 11. Calculate the remainder when 68 is divided by 18 + k/(2 - 0).
12
Let c be 12/36 + 1 + (-16)/12. Suppose 5*p + 2*l - 2013 = 0, -l + 4 - 5 = c. What is the remainder when p is divided by 29?
26
Suppose w = 4*u - 2*u + 29, -w + 4*u = -37. What is the remainder when (-238)/w*(3 - (13 - -2)) is divided by 23?
21
Let f be (-19 - 0 - 4)*11. Let k = f - -301. What is the remainder when 141 is divided by k?
45
Calculate the remainder when 7176760/3304 + 1/(-7) is divided by 79.
39
Let f be (333/45 + -5)/((-1)/90). Let v = -163 - f. Calculate the remainder when v is divided by 7.
4
Let m = 5 + -2. Suppose 6*g + 279 = 291. What is the remainder when (g/m)/(4/138) is divided by 4?
3
Suppose -2*z - 33 = -5*x, -3*x = -2*z - 0*z - 23. What is the remainder when -396*7/(-105)*x is divided by 29?
16
Let a = -135 + 139. Suppose h = -m + 33, -3*h + 105 = a*m + m. Suppose -117 = -4*c - 3*z, -z - 2 = c - h. Calculate the remainder when c is divided by 6.
3
Let w(y) be the second derivative of -y**4/6 - 8*y**3/3 + 31*y**2/2 + 17*y - 1. Calculate the remainder when 37 is divided by w(-9).
11
Let k = 211 - 136. Let d = k + -44. Suppose 76 - d = m. Calculate the remainder when m is divided by 17.
11
Let y(o) = -541*o - 20552. Suppose -3*z + 4*a + 893 = 0, -2*z + 2*a = 2*z - 1204. Calculate the remainder when z is divided by y(-38).
3
Let t be (0 + 1)*(42 - 1). Suppose t - 246 = -5*k. Let s = k + -34. Calculate the remainder when 12 is divided by s.
5
Let m(p) = -76*p - 1412. What is the remainder when m(-66) is divided by 103?
102
Let d(b) = 8*b**3 + 17*b**2 - 14*b - 3. What is the remainder when 887 is divided by d(1)?
7
Let k(g) = -g**2 + 7*g + 90. Let m be k(18). Let f = m - -120. Calculate the remainder when 93 is divided by f.
9
Suppose 5*m - l - 105 = 0, 11*m - 4*l - 52 = 7*m. Let v(o) 